i = -7. What is y(a)?
15
Let o(g) = g. Let y(u) = u**2 - 6*u. Let r be y(7). Suppose 0 = -2*l + 1 + 3. Suppose 5*f - l = -r. Give o(f).
-1
Let q(y) be the second derivative of -y**5/20 + y**4/4 + y**3/6 - 2*y**2 + 17*y. Calculate q(3).
-1
Let r(q) = -3*q**2 - 26*q - 23. Let d(z) = -z**2 - 9*z - 8. Let a(v) = -11*d(v) + 4*r(v). Determine a(-3).
2
Let y(d) = -7*d**3 - 6*d**2 - 4*d + 7. Let o(g) = -3*g - 6 + 8*g**2 + 6*g - 3*g**2 + 2*g**3 + 4*g**3. Let q(l) = -6*o(l) - 5*y(l). Determine q(2).
-3
Let p(v) = v - 4. Let o(n) = 2*n - 9. Let l(t) = 2*o(t) - 5*p(t). Calculate l(-5).
7
Suppose 11 = -5*a + 61. Let p = a - 3. Let y(q) = 0*q - p*q**3 + q - 3*q**3. Determine y(1).
-9
Let o(n) = n**2 + 1. Let g(w) be the first derivative of -w**3/3 + w**2 + 2*w - 38. Let z = 2 + -1. Let i(f) = z*o(f) - g(f). Determine i(2).
3
Let z(p) = 5*p**2 - 6*p - 4. Let d(g) = 4*g**2 - 6*g - 4. Let f(q) = 6*d(q) - 5*z(q). Let s be f(-5). Let i(y) = -7*y**3 - y. Determine i(s).
-8
Suppose 0 = 5*j - 3*c + 39, -2*j - 6*c - 6 = -4*c. Let o(a) = a**2 + 5*a - 4. Let x be o(j). Let y(w) = 4*w - 3*w**x - 2 + 2 - w**3 + 1. Determine y(-4).
1
Let b be (2 + 0)/((-2)/(-3)). Let h(x) = -x + 3*x**3 + 3*x - 3*x**2 - x**3 - b*x**3. What is h(-4)?
8
Suppose 0 = 5*y - 11 + 26. Let l(v) = -2*v + 1. Let o(w) = 6*w - 4. Let m(h) = 10*l(h) + 3*o(h). Determine m(y).
4
Let z be 1/1*(-2 + 2). Suppose -4*k + 6*k + 2 = z. Let v(p) = p**2 + p + 1. Let d(u) = -9*u**2 - 4*u - 4. Let c(l) = d(l) + 3*v(l). Determine c(k).
-6
Let j = 66 - 37. Suppose 9 = -5*n + j. Let y(b) = 1 + 3*b + b + 2*b - n*b. Calculate y(-2).
-3
Let h(c) = c**2 - 5*c - 5. Let w(l) = -l**2 + 5*l + 4. Suppose 0 = 5*f - 0*f - 25. Let d(p) = f*w(p) + 4*h(p). Calculate d(4).
4
Let i(y) be the third derivative of y**5/60 + y**4/24 + y**3/6 + 3*y**2. Calculate i(-1).
1
Let o(j) = 2*j**2 - 8*j - 6. Let z be o(5). Let c(n) = n**3 - 4*n**2 - n - 4. Let q be c(z). Let r(g) = -g**3 - 9*g**2 - 9*g - 11. Calculate r(q).
-3
Let h(t) = -7*t - 4. Let k(f) = -4*f - 2. Let d(g) = 3*h(g) - 5*k(g). What is d(5)?
-7
Let k(p) = -5*p**2 - 2*p**2 + 6*p**2 + 4 - 2*p. Give k(-4).
-4
Let q(w) be the first derivative of -1/6*w**3 + 4 + 1/12*w**4 + 1/20*w**5 + 0*w**2 - w. Let b(k) be the first derivative of q(k). Calculate b(2).
10
Let v(a) = -7*a**2 - a + 9. Let t(g) be the first derivative of -10*g**3/3 - g**2/2 + 13*g - 2. Let i(z) = 5*t(z) - 7*v(z). Give i(-2).
-6
Suppose -2*c = c. Let t = -5 + 7. Let d(y) = 2*y - 4 - 2*y + y**t. Determine d(c).
-4
Let h(f) = -f**2 - 5*f**2 + 5*f**2 - 9 + f. Let x(t) = 0*t**3 + 13*t - t**3 + 21*t**2 + 0 - 12 - 10*t**2. Let z be x(12). Give h(z).
-9
Suppose 0 = k + 2*k + 9. Let j(h) = h**2 + h + 3. Let t(u) = -142*u + 142*u - u**2 - 4. Let o(m) = k*j(m) - 2*t(m). Determine o(-1).
1
Let i(m) = 3 - 2*m - m + 2*m. Let z(l) = -l - 4. Let s be z(-6). Suppose -5*o + s*q = 0, 0 = 5*o + 2*q - 0*q. Determine i(o).
3
Let y(k) = -k + 5. Let g be y(9). Let j be 6*2*(-1)/g. Let d(s) = 0*s**3 + s**j + 0 + s**2 + s**3 - 1. Determine d(1).
2
Let v(z) = -2*z + 1. Suppose -7*t = -2*t + 10. What is v(t)?
5
Let l(y) be the third derivative of -y**4/24 + y**3/3 - y**2. Let u = 117 - 114. Determine l(u).
-1
Let h(j) = -j - 4. Let g be h(-3). Let r(a) = 9*a**3 + a**2 - a - 1. Determine r(g).
-8
Let o(a) = a**3 + 7*a**2 + 5. Let g be o(-7). Let u = -5 + 7. Let b(f) = -12*f + 7 - f**2 + 2*f**u + 4*f. What is b(g)?
-8
Let z(b) = b**3 - 4*b**2 + 3*b + 3. Let t = 28 - 19. Suppose -3*f = -0 - t. What is z(f)?
3
Suppose -w = -4*m - 8, -3*w - 2*m + 3*m + 2 = 0. Let u(q) = q**3 - 18. Give u(w).
-18
Suppose 3*s - c = -23, 0 = 3*s + 2*c - 5*c + 21. Let i = -9 - s. Let t be (-2 - (i + 2)) + 1. Let l(a) = 2*a**2 + 2*a - 2. Calculate l(t).
2
Let j(s) be the third derivative of s**4/24 - 2*s**2. Suppose 4*h - o + 17 = 0, -3*h + 6 - 16 = 2*o. Let w = 7 + h. Determine j(w).
3
Let u be ((-4)/(-3))/((-2)/6). Let k = 0 - u. Let h(j) = -10 + 0 + j + 8. What is h(k)?
2
Let i(c) = -14*c + 8*c - 8 + 7*c. Determine i(7).
-1
Let b be 0 - (2 + -2) - 1. Let t(u) = -u**2 + 8*u - 4. Let w be t(7). Let y(c) = 2*c - 4*c + w*c**2 - 1 + c. What is y(b)?
3
Let r(d) = -d**3 - d + 1. Let s(v) = v**3 - 4*v**2 - v - 2. Let j(p) = 2*r(p) + s(p). Let b(i) = -i**2 + 6*i - 7. Let a be b(5). What is j(a)?
-2
Let x(m) = 6*m**2 - m**2 + 4 - 4*m**3 + 3*m**3 - 5*m. Suppose 3*n + 9 = 6*n. Suppose l - 16 = -n*l. What is x(l)?
0
Let l(t) = -t**2 - t - 2. Let o(d) = -d - 15. Let r be o(0). Let b be 0*(-2 - r/6). Give l(b).
-2
Let o(x) = x**3 - x**2 - 2*x + 1. Let m be ((-4)/(-20)*0)/(-2) - -3. Determine o(m).
13
Let d(x) be the first derivative of x**4/12 - x**3 - x**2/2 - 4. Let a(p) be the second derivative of d(p). Determine a(6).
6
Let s(a) = a + 4. Let v = 1 + 4. Suppose 5*m - c + 26 = 0, v*m + 42 = -3*c - 0*c. Give s(m).
-2
Suppose -2*u - 225 = u. Let l be 2/9 + u/(-27). Suppose -3*k - 3*q = 9, l + 0 = 5*k - q. Let w(r) = r**2 + 1. Give w(k).
1
Let q(z) = z**3 - 2*z**2 + 3*z - 1. Let j(l) = l**3 + 4*l**2 - 6*l - 3. Let x be j(-5). Give q(x).
5
Suppose 0*b = -5*b. Let q(d) = d**3 - d**2 - 1. Let v(s) = -5*s**3 + 7*s**2 + s + 2. Let g(u) = 6*q(u) + v(u). Determine g(b).
-4
Let k(s) = s**2 + s - 2. Let r(w) = w**2 + 3*w + 2. Let f be r(-7). Let c be f/(-9)*(-18)/4. Suppose z + c = -4*z. Give k(z).
4
Let g(w) = w**3 - 3*w**2 - 3*w - 5. Let i be g(4). Let x(b) be the third derivative of b**4/8 - b**3/6 + 16*b**2. Determine x(i).
-4
Let d(t) be the first derivative of -t**3/3 - 3*t**2 + t - 7. Calculate d(-6).
1
Let g = 0 - -5. Let j(a) = -a**3 + a**2 - a + 1. Let l(f) = f**3 + 2*f**2 + 8*f - 4. Let y(v) = -2*j(v) - l(v). Determine y(g).
-3
Let a(w) = -5*w - 36. Let g(k) = -k - 9. Let q(m) = 2*a(m) - 9*g(m). Calculate q(7).
2
Let c(u) = -u - 1. Let t be c(0). Let h(y) = -14*y - 2*y - 8*y - 16. Let l(x) = 5*x + 3. Let i(f) = 2*h(f) + 11*l(f). What is i(t)?
-6
Let b(j) = -j**2 - 9*j + 4. Let c be b(-9). Let m(n) = c*n**3 + 4*n**2 - 6*n**2 - 4 - 5*n**3. Give m(-3).
5
Let q be (1 - 10)*(5 - 3). Let z be q/(-9)*2/2. Let t(k) = -3*k - 2. What is t(z)?
-8
Let k be -33*4/6*1. Let r be ((-2)/(-4))/(11/k). Let h(q) = -q + 3 - 7*q**2 - 2 + 3*q. Determine h(r).
-8
Let z(s) = 6*s**2 - 8*s + 1. Let l(a) = -a**2 + a. Let k(m) = 5*l(m) + z(m). Suppose 3*c = 8*c - 20. Suppose -g + c*b - 19 = -2*g, 0 = 5*g + b - 19. Give k(g).
1
Suppose -4*c - 25 = 71. Let z be c/(-10) - (-2)/(-5). Let k(l) = 3*l - 2. Determine k(z).
4
Let r(p) = 4*p + 56. Let b(v) = -v - 14. Let i(z) = 9*b(z) + 2*r(z). Determine i(-11).
-3
Let c(f) = -f**3 + 6*f**2 + 9*f - 4. Let q be c(7). Suppose 2*y = 4*z + q, -2*z + 4*y - 4 = 2*z. Let o(i) = -i**2 - 2*i + 1. What is o(z)?
-7
Let j(q) = 4*q**2 - 7*q. Let t(y) = -2*y - 6*y**2 + 7*y**2 + 0*y**2. Let o(i) = -4*j(i) + 14*t(i). Calculate o(-1).
-2
Let i = -6 - -6. Suppose -6*t + t + 5 = i. Let h(p) = -19*p - 5. Let z(n) = -105*n - 28. Let k(w) = -28*h(w) + 5*z(w). Calculate k(t).
7
Let t(l) = 4*l**2 - l**2 - 2*l**2 + 1 + l**3. Suppose -7*z = -11*z. Give t(z).
1
Let y(c) = -c**2 + 7*c + 3. Let w(j) = -j**2 - 2*j + 2. Let p(m) = m**2 + 2*m - 2. Let l(d) = -2*p(d) - 3*w(d). Let o be l(2). Give y(o).
9
Let s(u) = u**3 + 2*u**2 - 8*u + 11. Let y(g) = -g**3 - g**2 + 7*g - 10. Let p(b) = -4*s(b) - 5*y(b). Determine p(4).
10
Let m(v) = -v**2 - v - 6. Let z(i) = i**2 + 5. Let j(n) = -n**2 + n - 4. Let r be j(0). Let h(f) = r*m(f) - 5*z(f). Give h(4).
-1
Let r(p) = p**2 - 10*p. Let v be r(10). Let n(b) = -b**2 + 2. Let j be n(v). Let h(a) = -a**j + a**3 - 3*a**2 - 4 - a**2 + 6*a. Give h(4).
4
Let u(l) be the first derivative of -l - 5. Let q(w) = -w. Let o be q(5). Let s(i) = 6*i**3 + i + 6. Let a(x) = o*u(x) - s(x). What is a(-1)?
6
Let f(d) = -13*d**2 - 6*d + 5. Let m(a) = -27*a**2 - 13*a + 11. Let p(w) = -13*f(w) + 6*m(w). Give p(1).
8
Suppose 5*h - 24 = -5*i - 4, 0 = 2*h - i + 4. Suppose 0 = 5*u - h*j - 3*j + 18, 0 = 3*u + 3*j + 30. Let a(g) = g**2 + 5*g - 3. Give a(u).
3
Let g(a) be the third derivative of -a**4/24 - 11*a**3/6 - a**2. Suppose -4*w = -2*w + 12. Determine g(w).
-5
Let j(a) = a**2 + 2*a. Let g be j(-2). Let h(i) = -9*i + 5*i + 0 + 8. Let q(p) = -p + 1. Let w(t) = -h(t) + 3*q(t). Give w(g).
-5
Let y(t) = -t**3 - 11*t**2 - 2*t - 9. Let s be y(-11). Let f(u) = 21*u - 4*u - 5*u - s*u. Le